**2 + 6*c - 5. Let r be g(2). Let p(m) = 2*m - 2. Determine p(r).
4
Let r be (-3)/((-18)/(-4))*-6. Let c(a) = -r*a + a - 5*a + a**2 + 6. Determine c(6).
-6
Let d(r) = -2*r + 1. Let n be d(-1). Let o(c) = 0*c + 0*c + 4*c - 2*c**3 + 3*c**n - 5 + 6*c**2. Calculate o(-5).
0
Let b(r) = r**3 + 4*r**2 + 3*r - 1. Suppose 1 - 13 = 4*j. Determine b(j).
-1
Let h(c) = 7*c**2 + 1. Let f = -7 + 1. Let k(v) be the second derivative of -v**4/12 + v. Let q(m) = f*k(m) - h(m). What is q(0)?
-1
Let n(t) = -t - 5. Let v be (-36)/(-3)*(-12)/16. Calculate n(v).
4
Suppose 0*y - 3*o - 9 = y, 0 = 5*y - 5*o - 55. Let d(j) = -4 + y + j + 1 - 4. Determine d(-5).
-6
Let h(r) = -r - 4. Suppose -20 = d - 5*d. Suppose 4*w + 84 = -k - 4*k, -d*k - 112 = -3*w. Let v be (-2)/(-4)*k/2. What is h(v)?
1
Let l(k) = k**2 + 3*k - 2. Let c(m) = -m**2 - 3*m + 2. Let g(w) = -3*c(w) - 2*l(w). Determine g(-4).
2
Let k(r) be the second derivative of 0 + 3*r - 1/2*r**3 - 2*r**2 + 1/12*r**4. What is k(5)?
6
Let p(c) = 2*c + c**2 + 0*c + 2*c - 5. Determine p(-4).
-5
Let r(z) = -2*z + 3. Let h(v) = 5*v**3 + 11*v**2 - 2. Let f(g) = -3*g**3 - 6*g**2 + 1. Let x(s) = 11*f(s) + 6*h(s). Let p be x(-1). Determine r(p).
-1
Suppose 5*j + 34 = -2*x, -j - 13 - 5 = 2*x. Let y(q) = q**3 + 6*q**2 - 7*q - 6. Give y(x).
-6
Let b(a) = -a**3 + 4*a**2 + 1. Suppose -4*w = 2*o - 2, 15 = -8*o + 3*o. Suppose -t + 6 = w*t. What is b(t)?
9
Let k(l) = 2*l - 4. Let y(c) = -c**2 + c - 1. Let f be y(2). Calculate k(f).
-10
Let j(o) = -o. Suppose -2 = 5*b - 7*b. Give j(b).
-1
Let g = 46 - 43. Let u(o) = o**3 - 4*o**2 + 5*o - 3. Calculate u(g).
3
Let b(q) = -q - 6. Suppose -7 = -5*p + f, 2*p - f - 3 = -p. Let k(i) = -3*i**2 + 2*i + 2. Let d be k(p). Determine b(d).
0
Let w = 6 + -10. Let b(k) = 2*k**3 + 4*k**2 - 3*k - 2*k**3 - k**3 - 6 + 2*k**3. Calculate b(w).
6
Let q(y) = y**2 - y - 1. Let d(i) = 3*i**2 - 6*i - 1. Let z(n) = d(n) - 2*q(n). Give z(3).
-2
Let o(d) = 2*d**3 - d**2 + 1 - 3*d**3 - d**2. Suppose 3*v - 5*p + 5 = -1, 2*p = 6. Suppose 3*q = -0*q - v. Calculate o(q).
0
Let h(m) = -m**2 - 5*m + 6. Suppose -4*k - 19 = 5. Calculate h(k).
0
Suppose -2*g + 9*g = 5*g. Let o(r) be the second derivative of 1/2*r**2 + 1/3*r**3 + r + g. Calculate o(-1).
-1
Suppose -3*a = 2*t + 3*t - 43, 2*t - 3*a - 34 = 0. Suppose -t = -3*o - 2. Suppose -4*h - 2*b = -0 + 4, -3*h = -o*b + 12. Let k(c) = 3*c + 2. What is k(h)?
-4
Let p(l) be the second derivative of l**4/12 - 5*l**3/6 + l**2 - 8*l. Give p(4).
-2
Let v(j) = -3*j - 20 + 4*j + 10 - 6*j**2 + 11. Let g be (2/4*2)/(-1). Determine v(g).
-6
Let l(z) = -4*z**2 - z + 1. Let c = 33 - 32. Give l(c).
-4
Let m(y) = y**2 + 5*y + 3. Let k = -7 + 8. Suppose 2*w - k + 7 = 0. Give m(w).
-3
Let w(z) be the first derivative of z**3/3 - 3*z**2 + 5*z + 5. Give w(4).
-3
Let s(a) be the second derivative of -a**5/20 - 5*a**4/12 + 3*a**2/2 - 8*a. Suppose -5*z = -10*z - 25. Give s(z).
3
Let c(y) = 3*y**2 + 3*y**2 + 4*y + 3 + 7*y**3 + 1 - 6*y**3. Determine c(-5).
9
Suppose 2 = 3*j - 13. Let o(z) = -j*z**2 + 3*z**2 + 1 + 2*z + 2*z**2 + 4*z**3. Calculate o(-1).
-5
Let v(s) be the third derivative of -s**8/20160 + s**7/840 - s**6/240 + s**5/60 + 3*s**2. Let d(f) be the third derivative of v(f). Calculate d(6).
-3
Let o(g) = 2*g - 4. Let u(k) = 6*k - 13. Let q(j) = 7*o(j) - 2*u(j). Let t be (-79)/(-9) + 2/9. Suppose t = -5*l - 1. Give q(l).
-6
Suppose 4*c = 1 - 9. Let u(a) = 5*a**2 + a - 5. Let j(n) = -n**2 + 1. Let f(q) = -3*j(q) - u(q). Give f(c).
-4
Let h(s) = -s**3 + 6*s**2 - 7*s - 1. Suppose -5*a + 3*a = -10. What is h(a)?
-11
Suppose -6 = -x - 2*x. Let m(t) = 0*t - 2 + 4*t + 0*t + 3*t + t**x. Calculate m(-7).
-2
Let r(u) = -u**2 - 10*u + 3. Suppose -3*f = -2 - 37. Suppose 0 = -c + 1 - 7. Let a(p) = -2*p**2 - 21*p + 6. Let i(d) = c*a(d) + f*r(d). Determine i(-3).
6
Let r(h) = h + 1. Let i(t) = 0*t - 1 - 5*t - 3*t + 3*t. Let g(b) = -i(b) - 2*r(b). Calculate g(1).
2
Let u(h) = -h**3 + 5*h**2. Let z be 5 - 0/(-3 + 4). Calculate u(z).
0
Let z(f) = -2*f - f**2 - 3*f**2 - 1 + 2*f**2 - 6*f**3. Suppose 0*d + 5 = -5*d. Calculate z(d).
5
Let a(z) be the second derivative of z**5/20 + 7*z**4/12 + 7*z**3/6 + 2*z**2 + 31*z. Determine a(-6).
-2
Let r be (-32)/10*30/(-4). Let o be (-4)/10 - r/(-10). Let l(j) = -11*j - 3. Let m(a) = 20*a + 6. Let i(v) = 11*l(v) + 6*m(v). Calculate i(o).
1
Let m = 0 - 4. Let l(g) = -g - g**3 - 2*g**2 - 2*g**2 + 0 + 3. Calculate l(m).
7
Let p(k) = 2*k**3 + 3*k**2 + 3*k + 2. Let u(c) = -5*c**3 - 7*c**2 - 7*c - 3. Let j(q) = -7*p(q) - 3*u(q). Determine j(0).
-5
Let m(q) be the first derivative of q**3/3 - q**2/2 + 4*q - 134. Suppose f - 2*f = 0. Give m(f).
4
Let y(o) be the first derivative of o**2/2 + 4*o + 69. What is y(9)?
13
Let y(o) = 2*o + 5. Let r(l) = l**2 + 3*l. Let w be r(-3). Let j(s) = s - 7. Let u be j(w). Let z(q) = 5*q + 14. Let i(f) = u*y(f) + 2*z(f). Calculate i(-5).
13
Let a = -4 - 1. Let b = a - -7. Suppose -2*l - 10 = b*v, -l - 17 = 4*v + v. Let m(z) = -z**3 - z**2 + 3*z - 1. What is m(v)?
8
Suppose 0 - 3 = 3*x. Let p(b) be the first derivative of -3*b**4 + 0*b + 1/2*b**2 + 5 + 0*b**3. Calculate p(x).
11
Suppose -3*z - 36 = -5*f - 15, 4*f = -z + 10. Let j(t) be the first derivative of -t**4/4 - 2*t**3/3 - 3*t**2/2 + 13. Determine j(z).
6
Let d(t) = t - 1. Let x(r) = 9*r - 7. Let o(f) = 5*d(f) - x(f). Calculate o(-3).
14
Let y(x) = -x**3 + 16*x**2 - 16*x + 17. Let f be y(15). Let q(t) = 1 - 2 - t**2 + 2. Determine q(f).
-3
Suppose 2*p + 8 = -2*p. Let q = p - -2. Let j(t) = q*t + 1 + 3*t + 1 + 2*t**2 - 1. Calculate j(-2).
3
Suppose -3*u - 1 + 7 = 0. Let w(a) = -5*a - 2*a**2 + 1 + u*a**2 - a**2. Determine w(-6).
-5
Let q(o) be the second derivative of -1/6*o**4 - 2/3*o**3 + 1/20*o**5 + 0 - 2*o**2 + 4*o. What is q(4)?
12
Let s(m) = m**2 + 5*m + 4. Let y be (-9 - (-3)/1)/(-10)*-5. What is s(y)?
-2
Let a(b) = -b - 4 + 3 - 7. Determine a(-6).
-2
Let s(p) = 4*p - 3. Suppose 14 = -4*c + 2. What is s(c)?
-15
Suppose i + 2*a = 7*a - 7, -i - 4*a + 2 = 0. Let b(o) be the first derivative of o**4/2 + o**3 + o**2/2 - 2*o + 2. What is b(i)?
-8
Suppose -2*y + 16 - 4 = 0. Let j(r) = r**2 - 3*r - 7. Give j(y).
11
Let a(h) = -h - 147 - 149 + 301. Determine a(5).
0
Suppose -3*l + 13 = 5*c - 2, 0 = -2*c + 2*l - 10. Let s(w) = 6*w + 5. Let k(a) = -5*a - 4. Let o be (-6)/5*30/(-9). Let h(z) = o*s(z) + 5*k(z). Determine h(c).
0
Let t(y) = 3*y + 2*y + 3*y - y**3 - 5*y**2 + 6. Give t(-6).
-6
Let q(z) = -2*z - 8. Let h be q(-7). Let p = h + -4. Let d(t) = t**3 + 4*t**2 + 2 + 9*t + p*t**2 - 3*t. What is d(-5)?
-3
Let r(s) = s**2 + 2*s + 4. Let b = 13 + -20. Let p = b + 4. Determine r(p).
7
Let w(x) be the first derivative of x**5/20 - x**4/8 + 3*x**2/2 - 3. Let m(i) be the second derivative of w(i). Calculate m(2).
6
Let c(o) be the third derivative of o**6/120 - o**5/60 - o**3/3 - o**2. Suppose -2*g = 2*g. Let p be (5 + -5)/(g + 3). Determine c(p).
-2
Let f(b) be the first derivative of -b**3/3 - b**2/2 + 5. Let r(z) = 9*z**2 - 3*z + 1. Let i(y) = -5*f(y) + r(y). Give i(-1).
13
Let w(a) be the third derivative of 2*a**2 + 0*a + 1/120*a**6 - 1/12*a**5 + 1/6*a**4 + 0 - 1/6*a**3. Suppose 7*j - 16 = 3*j. Give w(j).
-1
Suppose -4*c - 24 = -12*c. Let u(o) = -o**3 + 5*o**2 - 5*o + 3. What is u(c)?
6
Let t(d) = -d - 4. Suppose 0 = x - 6*x - 50. Give t(x).
6
Let l(y) = -y - 7. Suppose -2*c - 3*c + 15 = 0. Let u be c/(-1)*(-2)/(-2). Determine l(u).
-4
Let r be 0/4 - (2 + -7). Let l(z) = 0*z**2 - r*z**3 + 0*z**2 - 7*z**2 + 4*z**3 + 7 - 5*z. Suppose a + 4*t - 38 = 4*a, -4*t = -a - 26. Give l(a).
1
Let u(i) = -14*i - 8. Let o(b) = b. Let l(p) = -12*o(p) - u(p). Let y be -6 - 0*1/(-1). Give l(y).
-4
Let j(f) be the second derivative of f**4/12 + f**3 - 4*f**2 + 4*f. Determine j(-6).
-8
Let r(a) = -a - 3*a + 5*a - 6 + 2*a. What is r(5)?
9
Suppose -2 = -2*q - 5*z, 0 = 6*q - 3*q + 2*z - 14. Let v be (9/q)/(3/(-4)). Let c be (-2)/(12/15)*v. Let w(t) = t**3 - 4*t**2 - 5*t + 3. Determine w(c).
3
Let c(w) be the third derivative of -w**4/24 + 3*w**3/2 + 2*w**2. Determine c(8).
1
Let s(z) be the first derivative of -9*z**4/4 + z**3/3 - z**2/2 + z + 3. Let y(f) = -f**2 - 15*f + 17. Let g be y(-16). Calculate s(g).
-8
Suppose -d + 5 = 2. Suppose -d*v = -6*v. Let o(p) = p**2 + 3*p + 4. Let n(k) = k. Let r(f) = -2*n(f)